 be 1 + -2*m + 4. Suppose 0 = 4*r - f*t - 0*t - 23, r - 5*t - 10 = 0. What is the units digit of r?
5
Let a be 2*(-4)/16*0. Suppose 4*d - 30 = 3*p - a*p, 5*p - 10 = 0. What is the units digit of d?
9
Let k = -9 + 21. Suppose 3*a - k = -3*x, 6*x - 5*a = 3*x + 4. What is the units digit of x?
3
Suppose 0*j = j + 5*s - 35, -3*s - 123 = -3*j. Let g = j + -24. What is the tens digit of g?
1
Let j be ((-56)/(-10))/(3/15). Suppose -5*k - 3 = -j. What is the units digit of k?
5
Let j(f) = -f**2 + 2*f. Let h be j(2). Let r = h - -4. Suppose -i - 53 = -3*b, r*b + 0*i = -2*i + 54. What is the tens digit of b?
1
Let j = 59 + -36. What is the tens digit of j?
2
Let o(i) = -7*i + 6*i + 2*i + 5. What is the units digit of o(-3)?
2
Suppose 2*c - 3*c = -53. What is the tens digit of c?
5
Let t(r) = -50*r - 14. What is the tens digit of t(-3)?
3
Let f be 19 + 1*(2 - 3). Suppose -2*h = -f + 8. Suppose h*u - 33 = 62. What is the units digit of u?
9
Let v(j) = 1 + 0*j + j**3 - 3 - 2*j - j**2 + 0*j**2. Let o be v(-2). Let i = 18 + o. What is the units digit of i?
8
Suppose -177 - 175 = -4*c. What is the units digit of (-9)/3 + c/4?
9
Let b(v) = v**3 - 3*v**2 - 7*v - 2. What is the units digit of b(5)?
3
Let g be 0 - ((3 - 2) + 2). Let a be ((-6)/(-9))/(g/45). What is the units digit of (12/a)/((-9)/30)?
4
Let v(m) = -m - 2. Suppose -4*k = -2*w - 7*k + 25, -35 = -4*w - k. Suppose -w = -0*s + 2*s. What is the units digit of v(s)?
2
Let n be (-2)/(0 + (-6)/333). Let c = n - 64. Suppose 2*q - 5*d = 5, -d - c = q - 6*q. What is the tens digit of q?
1
Suppose 9*v = -10*v + 2394. What is the units digit of v?
6
Let i be ((-2)/6)/(5/(-15)). What is the tens digit of (2 - i) + (26 - -2)?
2
Suppose 2 = -2*u + 8. Suppose 2*m - 1 = u. Suppose 20 = m*w + 3*w. What is the units digit of w?
4
What is the units digit of (1 - (-5)/(-1)) + 141 + 4?
1
Let p(f) = 2*f**2 + 4*f - 1. Let x be p(-5). Suppose 0 = 5*q + x - 4. Let n = -2 - q. What is the units digit of n?
3
Let s(n) be the first derivative of -n**2/2 - 6*n + 2. Let j be s(0). Let y = -5 - j. What is the units digit of y?
1
Let g(z) = z**2 - 5*z + 5. Let p be g(4). What is the units digit of (-18)/(-2) - p/1?
8
What is the units digit of 2675/9 - 16/72?
7
Let p(f) = 8*f**2 - 1. Suppose 0 = -5*m - 2 - 48. Let u be m/14 - 4/14. What is the units digit of p(u)?
7
Let o = -41 + 11. Let y = o + 60. What is the units digit of y?
0
Let w(f) = -f**3 + 4*f**2 - f + 2. Let s be w(4). Let g = s - -7. What is the units digit of g?
5
Let s be -6*1/4*6. Let y(k) = -4*k - 4. What is the units digit of y(s)?
2
What is the tens digit of (1 + -18)/(-3 + 2)?
1
Let x(p) = 5*p**2 + 3 + 0 - 6*p**2 + 8*p. Let t be x(5). What is the units digit of (-4)/t + 224/36?
6
Let p(l) = -1. Let y(j) = 3*j + 17. Let u(z) = 4*p(z) + y(z). What is the tens digit of u(7)?
3
Suppose 2*m = -5*b + 88, -3*m + b + 54 + 95 = 0. What is the tens digit of m?
4
Let m = 9 + -2. Let i = 14 - m. Let j(h) = -h**2 + 9*h - 9. What is the units digit of j(i)?
5
Suppose -w + 117 = 2*w. What is the tens digit of w?
3
Let l(c) = -c + 14. Let q be l(10). Suppose q*o + 26 = 70. Suppose 4*p = -o + 35. What is the units digit of p?
6
Let z be (0 - -13 - -2) + -3. What is the tens digit of (-348)/(-16) - (-3)/z?
2
Let k(x) = -8*x + 41. What is the units digit of k(-19)?
3
Suppose 5*u = 2*u + 51. Suppose -3*x + 89 = u. Suppose -5*p - 4*k + 50 = 0, 0 = -p - k + 3*k + x. What is the units digit of p?
4
Let y = -16 - 30. Let t = y + 68. What is the units digit of t?
2
Let u = 154 + 7. Suppose 5*l = 8*d - 3*d - 275, 2*l + u = 3*d. Suppose x + 3*w - 23 = 0, 4*w - d = -5*x + 9. What is the units digit of x?
8
Let v = 7 - 4. Let y(i) = 0*i + i + 0*i. What is the units digit of y(v)?
3
Let k be 74/(-6) - (-6)/18. Let b = 8 + k. What is the units digit of 1/2 + (-2)/b?
1
Let h(a) = a**3 - a**2 + 25. Suppose -2*q + 5*m = -3*q, -2*q = -3*m. Let y be h(q). Suppose -5 - y = -2*t. What is the units digit of t?
5
Let b = -2 - -27. What is the units digit of b?
5
Let c = -6 + 8. Suppose -2*o = -2*v, 3*o + o + c = 5*v. What is the units digit of (-10)/(-2) + 0/v?
5
What is the units digit of (3 + (4 - 6))/(2/230)?
5
Let q(y) be the second derivative of -y**5/20 + y**4/4 - y**3/3 + 3*y**2/2 - 3*y. What is the units digit of q(2)?
3
Let f(x) = -x**2 + 3*x + 4. Let o be f(5). Let u = o + 7. What is the units digit of u?
1
Let t(h) = -h - 1. Let o be t(0). Suppose -28 = 2*l - 10. Let r = o - l. What is the units digit of r?
8
Let o(m) = -13*m**3 + 2*m + 1. What is the units digit of o(-1)?
2
Suppose 2*q - 4*q + 3*s = 3, 5*q = -3*s - 39. Let d = q + 18. What is the units digit of d?
2
Suppose 0*r + 2*r = 4*m - 262, -4*m - 3*r = -237. What is the units digit of m?
3
Let p = 439 + -106. What is the tens digit of p?
3
Suppose -5*u + 4*j - 2*j = -153, -62 = -2*u + j. What is the tens digit of u?
2
Suppose 15 = 3*y, -4*h - 8 - 13 = -5*y. Let i = 3 + h. Suppose 0*t = -4*t - 5*u - 17, 4*u + 12 = -i*t. What is the units digit of t?
2
Let x(r) = -11*r - 29. What is the units digit of x(-15)?
6
Suppose -3*z + 2*z + 4 = 0. Suppose -l - 2*c = c - 4, z*l = 2*c + 30. Suppose -l*r = -2*r - 115. What is the tens digit of r?
2
Let z(v) = -v**3 - 8*v**2 + 2. Let d be z(-6). Let g = -25 - d. Suppose g = 5*u - x + 4*x, -5*x = u + 13. What is the tens digit of u?
1
What is the tens digit of (-279)/(-6) + (-1)/(-2)?
4
Let f(j) be the second derivative of -1/2*j**3 + j - 3/2*j**2 + 1/6*j**4 + 0. What is the units digit of f(3)?
6
Let s(t) = -t**3 - 4*t**2 - 4*t + 5. Let c be s(-6). Suppose 3*v + c = 5*o + 15, 0 = -3*o + v + 54. What is the units digit of o?
9
Let f = -4 - -6. Let q be (f/(-3))/((-6)/45). Suppose -3 = -q*x + 7. What is the units digit of x?
2
Let c(x) = -x**3 + 9*x**2 - 7*x - 4. Let j be c(6). Suppose 0 = -5*q + j - 12. What is the units digit of q?
0
Suppose k + 4 = 2*k. Suppose -k*q + 4 = -3*q. What is the units digit of 4 + q - 0/(-1)?
8
Let y be 6*(-3)/6*-5. Let g = 24 - y. What is the units digit of g?
9
Suppose -5*s = u - 2*u - 28, 5*s - 19 = -2*u. Suppose 5*t = -s*p + 75, -t + 4 + 3 = -p. What is the units digit of t?
1
What is the tens digit of (-360)/(-7) - 9*(-3)/(-63)?
5
Suppose -4*u = -5 - 3. Suppose -h = -4*h + 18. Suppose -u*x = -x - h. What is the units digit of x?
6
Suppose -4*s - 4*l = -28, 4*s = -2*l - 0 + 36. Suppose -4 = -j + s. Let y = j + -5. What is the units digit of y?
0
Let y = -41 - -29. Let l(r) = r**3 + 13*r**2 + 11*r + 4. What is the units digit of l(y)?
6
Suppose 0 = -5*f + 20 + 20. Let t be (f/(-24))/((-1)/12). Suppose 13 = -v + 4*a, -5*v + t*a + 0 = 1. What is the units digit of v?
3
Let b be (30/(-8))/(6/16). What is the tens digit of (5/b)/(2/(-72))?
1
Let c = -138 - -251. What is the units digit of c?
3
Suppose -4*f = -f - 114. What is the units digit of f?
8
Suppose -7 = -w - 1. Suppose -15 = -5*d - 3*r, w*d - 3*d + 3*r - 15 = 0. Let x = d + 1. What is the units digit of x?
1
Suppose n - 5*a - 303 = 0, -3*a + 6*a + 15 = 0. What is the hundreds digit of n?
2
Let x = 3 - 1. Let z(h) = 4*h**2 - 1. Let n be z(1). Suppose 5*p + 2*o = n*p + 4, 1 = x*p + 5*o. What is the units digit of p?
3
Suppose m + 3*l - 28 = 0, -2*m + 2*l = l - 77. What is the tens digit of m?
3
What is the units digit of (2 + (3 - 7))/((-2)/33)?
3
What is the tens digit of 77 + -7 + 4 + (-4)/(-2)?
7
What is the units digit of -1 - (-2 + (-1 + 2 - 123))?
3
Let d(o) = o**3 - 4*o**2 - 2*o - 10. What is the units digit of d(5)?
5
Suppose 0 = x - 2*f - 5, x + 2*x = 5*f + 17. What is the units digit of 7*(-2 + x/3)?
7
Suppose 2*f = -3*f. Suppose -3*m = 3*i - 42, 3*i - 5*m - 50 = -f*i. Let l = i - 10. What is the units digit of l?
5
Suppose -6*s + 100 + 308 = 0. What is the tens digit of s?
6
Suppose -v + 231 = 78. What is the units digit of v?
3
Suppose 7*b - 5*b - 12 = 0. Let q(d) = 2*d. Let y be q(7). Let o = y - b. What is the units digit of o?
8
Let n be -2*13/2*1. Let f = n - -18. Let j = f + -1. What is the units digit of j?
4
Let z = 676 - 465. What is the tens digit of z?
1
Suppose v - 10 = -4*v. Suppose -v*w = -4*p + 24, 2*w = -5*p - 0*w + 48. What is the units digit of p?
8
Let b(v) = 11*v - 22. What is the hundreds digit of b(13)?
1
Let t(z) = -z**3 - 10*z**2 - 12*z - 6. Let y be t(-10). Suppose v = -5*